{"id":2523,"date":"2018-08-05T11:13:05","date_gmt":"2018-08-05T11:13:05","guid":{"rendered":"http:\/\/localhost:8080\/bvb\/?page_id=2523"},"modified":"2020-11-14T16:21:13","modified_gmt":"2020-11-14T16:21:13","slug":"instalacoes-2","status":"publish","type":"page","link":"https:\/\/www.bv-batalha.pt\/?page_id=2523","title":{"rendered":"Instala\u00e7\u00f5es"},"content":{"rendered":"<p style=\"text-align: center;\">Quartel\u00a0da Batalha<\/p>\n<p><img loading=\"lazy\" decoding=\"async\" class=\"size-medium wp-image-3102 aligncenter\" src=\"http:\/\/www.bv-batalha.pt\/wp-content\/uploads\/2020\/11\/quartelBTL-300x225.jpg\" alt=\"\" width=\"300\" height=\"225\" srcset=\"https:\/\/www.bv-batalha.pt\/wp-content\/uploads\/2020\/11\/quartelBTL-300x225.jpg 300w, https:\/\/www.bv-batalha.pt\/wp-content\/uploads\/2020\/11\/quartelBTL-768x575.jpg 768w, https:\/\/www.bv-batalha.pt\/wp-content\/uploads\/2020\/11\/quartelBTL-1024x766.jpg 1024w, https:\/\/www.bv-batalha.pt\/wp-content\/uploads\/2020\/11\/quartelBTL.jpg 1260w\" sizes=\"auto, (max-width: 300px) 100vw, 300px\" \/><\/p>\n<p style=\"text-align: center;\">Quartel de S\u00e3o Mamede<\/p>\n<p><img loading=\"lazy\" decoding=\"async\" class=\" wp-image-2695 aligncenter\" src=\"http:\/\/www.bv-batalha.pt\/wp-content\/uploads\/2018\/10\/seccao.jpg\" alt=\"\" width=\"295\" height=\"222\" \/><\/p>\n<p style=\"text-align: center;\">Centro de Forma\u00e7\u00e3o dos Pinheiros<\/p>\n<p><img loading=\"lazy\" decoding=\"async\" class=\"size-medium wp-image-3101 aligncenter\" src=\"http:\/\/www.bv-batalha.pt\/wp-content\/uploads\/2020\/11\/Pinheiros-300x225.jpg\" alt=\"\" width=\"300\" height=\"225\" srcset=\"https:\/\/www.bv-batalha.pt\/wp-content\/uploads\/2020\/11\/Pinheiros-300x225.jpg 300w, https:\/\/www.bv-batalha.pt\/wp-content\/uploads\/2020\/11\/Pinheiros-768x575.jpg 768w, https:\/\/www.bv-batalha.pt\/wp-content\/uploads\/2020\/11\/Pinheiros-1024x766.jpg 1024w, https:\/\/www.bv-batalha.pt\/wp-content\/uploads\/2020\/11\/Pinheiros.jpg 1260w\" sizes=\"auto, (max-width: 300px) 100vw, 300px\" \/><\/p>\n","protected":false},"excerpt":{"rendered":"<p>Quartel\u00a0da Batalha Quartel de S\u00e3o Mamede Centro de Forma\u00e7\u00e3o dos Pinheiros<\/p>\n","protected":false},"author":1,"featured_media":0,"parent":0,"menu_order":0,"comment_status":"closed","ping_status":"closed","template":"","meta":{"footnotes":""},"class_list":["post-2523","page","type-page","status-publish","hentry"],"_links":{"self":[{"href":"https:\/\/www.bv-batalha.pt\/index.php?rest_route=\/wp\/v2\/pages\/2523","targetHints":{"allow":["GET"]}}],"collection":[{"href":"https:\/\/www.bv-batalha.pt\/index.php?rest_route=\/wp\/v2\/pages"}],"about":[{"href":"https:\/\/www.bv-batalha.pt\/index.php?rest_route=\/wp\/v2\/types\/page"}],"author":[{"embeddable":true,"href":"https:\/\/www.bv-batalha.pt\/index.php?rest_route=\/wp\/v2\/users\/1"}],"replies":[{"embeddable":true,"href":"https:\/\/www.bv-batalha.pt\/index.php?rest_route=%2Fwp%2Fv2%2Fcomments&post=2523"}],"version-history":[{"count":7,"href":"https:\/\/www.bv-batalha.pt\/index.php?rest_route=\/wp\/v2\/pages\/2523\/revisions"}],"predecessor-version":[{"id":3104,"href":"https:\/\/www.bv-batalha.pt\/index.php?rest_route=\/wp\/v2\/pages\/2523\/revisions\/3104"}],"wp:attachment":[{"href":"https:\/\/www.bv-batalha.pt\/index.php?rest_route=%2Fwp%2Fv2%2Fmedia&parent=2523"}],"curies":[{"name":"wp","href":"https:\/\/api.w.org\/{rel}","templated":true}]}}

Instalações

<p style="text-align: center;">Quartel da Batalha</p>
<p><img loading="lazy" decoding="async" class="size-medium wp-image-3102 aligncenter" src="http://www.bv-batalha.pt/wp-content/uploads/2020/11/quartelBTL-300x225.jpg" alt="" width="300" height="225" srcset="https://www.bv-batalha.pt/wp-content/uploads/2020/11/quartelBTL-300x225.jpg 300w, https://www.bv-batalha.pt/wp-content/uploads/2020/11/quartelBTL-768x575.jpg 768w, https://www.bv-batalha.pt/wp-content/uploads/2020/11/quartelBTL-1024x766.jpg 1024w, https://www.bv-batalha.pt/wp-content/uploads/2020/11/quartelBTL.jpg 1260w" sizes="auto, (max-width: 300px) 100vw, 300px" /></p>
<p style="text-align: center;">Quartel de São Mamede</p>
<p><img loading="lazy" decoding="async" class=" wp-image-2695 aligncenter" src="http://www.bv-batalha.pt/wp-content/uploads/2018/10/seccao.jpg" alt="" width="295" height="222" /></p>
<p style="text-align: center;">Centro de Formação dos Pinheiros</p>
<p><img loading="lazy" decoding="async" class="size-medium wp-image-3101 aligncenter" src="http://www.bv-batalha.pt/wp-content/uploads/2020/11/Pinheiros-300x225.jpg" alt="" width="300" height="225" srcset="https://www.bv-batalha.pt/wp-content/uploads/2020/11/Pinheiros-300x225.jpg 300w, https://www.bv-batalha.pt/wp-content/uploads/2020/11/Pinheiros-768x575.jpg 768w, https://www.bv-batalha.pt/wp-content/uploads/2020/11/Pinheiros-1024x766.jpg 1024w, https://www.bv-batalha.pt/wp-content/uploads/2020/11/Pinheiros.jpg 1260w" sizes="auto, (max-width: 300px) 100vw, 300px" /></p>

<p>Quartel da Batalha Quartel de São Mamede Centro de Formação dos Pinheiros</p>
